)?
True
Suppose 2*h = -10, 4*s - h + 23 = -4*h. Suppose 2*x = 3*x + 12. Is 14 a factor of (-382)/(-12) + s/x?
False
Let q = 32 - 0. Suppose 20 = 4*d, 3*z - 5*d - 24 - q = 0. Is z a multiple of 9?
True
Suppose 3*o + 0*o - 27 = 0. Suppose 4*b = -3*v + 91, -4*v - 5 = -o*v. Does 11 divide b?
True
Let m(b) = b**2 + 8*b + 4. Suppose -i + 0*i = -5*h - 17, -3*i + 3*h - 9 = 0. Let r be m(i). Let x(d) = 3*d - 3. Does 9 divide x(r)?
True
Let a(k) = -27*k**2 + 1. Let w be a(-1). Let z(j) = 5*j**2 - 2. Let f be z(-3). Let p = f + w. Is p a multiple of 6?
False
Suppose -5*m + x - 25 = 0, 4*m + 2*x - 5*x + 9 = 0. Let w(t) = t - 10. Let b be w(8). Is b/6 - 26/m even?
True
Suppose 2*w - g - 4*g = 1, 2*w - 13 = g. Suppose 5*u + 70 = 2*k + 3*k, 0 = 4*u + w. Is k a multiple of 12?
True
Let q(f) = f**3 + f**2 + f + 22. Is q(0) a multiple of 22?
True
Suppose 4*i - 3*i = 3*m - 179, 203 = 3*m + 5*i. Is m a multiple of 18?
False
Suppose -183 - 137 = 5*a. Let l = 12 - a. Suppose 4*x + 24 = l. Is x a multiple of 6?
False
Suppose -2*k - 6 = -14. Suppose -x - s + 30 = 4*s, 0 = k*s + 4. Is x a multiple of 18?
False
Let w(g) = g**2 - 4*g + 2. Let s be w(4). Suppose 21 = -s*a + 93. Is 12 a factor of a?
True
Suppose d = -2*j + 13, 3*j + 17 = 5*d + 4. Suppose 2*s - 3*q = 13, 2*s + 3*s + j*q - 90 = 0. Is 7 a factor of s?
True
Does 23 divide 47 + -4*1 + 3?
True
Let w = -13 - -4. Is (-9)/w - (-30)/2 a multiple of 16?
True
Let q = -5 + 13. Let o = 20 - 16. Suppose 5*l + 0*s - 158 = s, 0 = o*s - q. Is l a multiple of 14?
False
Suppose -5*y - 5*t + 105 = 0, -6*t = 4*y - 4*t - 82. Does 5 divide y?
True
Suppose 0*x - 9 = 3*x. Let g(z) = -z - 1. Let v(o) = 2*o + 5. Let f(m) = 4*g(m) + v(m). Does 5 divide f(x)?
False
Let j be 3/1*1 - -42. Suppose -o - 4*o + j = 0. Is o a multiple of 9?
True
Suppose c = d - 2*d + 9, 30 = 3*c + 4*d. Suppose 3*h = 3 + c. Suppose q = 3*v - 6, -v = h*q + 7 - 19. Is 3 a factor of q?
True
Let l(c) = -4*c**3 - 2*c**2 + c + 1. Let j(q) = -5*q**3 - q**2. Let b(h) = -5*j(h) + 6*l(h). Is b(6) a multiple of 6?
True
Let w(l) = -l**3 - 12*l**2 - 2*l - 12. Suppose -16*g + 13*g = 36. Is w(g) a multiple of 4?
True
Let a = 5 - 5. Suppose 0 = -p - n + 6*n + 42, -p - 4*n - 3 = a. Is p a multiple of 7?
False
Let b(i) = -i**3 - i**2 + 4*i + 3. Let l be b(-2). Let c = l - -7. Does 6 divide c?
True
Let j be 4 - 1 - (-42)/6. Suppose -6*q + j*q = 68. Does 8 divide q?
False
Suppose -69 = -2*r + 51. Suppose 0 = 4*m + m + r. Does 8 divide (81/m)/((-6)/16)?
False
Let y = 15 - 10. Let d = y + -5. Is (-1)/(3/(-93) - d) a multiple of 13?
False
Let p be 151/5 - 3/15. Suppose 0 = -4*i - 20, 2*t + 3*t - p = i. Suppose -o - 4*q = -9, -4*o + t*q - 26 = -104. Is o a multiple of 6?
False
Let f be ((-1)/2)/((-2)/(-20)). Let c(p) = -p**2 - 6*p - 3. Let i be c(f). Suppose g - 18 = i*w, 87 = 4*g - 4*w - 5. Is g a multiple of 14?
True
Suppose 8 = -4*i + 8*i. Suppose -56 = -4*s + i*s. Is s a multiple of 14?
True
Let l(h) = 11*h - 20. Is 5 a factor of l(5)?
True
Suppose 4*i - 2 = -50. Let x = 17 + i. Is 5 a factor of x?
True
Let r = -5 - -8. Let x(d) = 6*d + 2. Does 10 divide x(r)?
True
Suppose 0*l - 2*l = -2*b - 94, b - 193 = -4*l. Does 14 divide l?
False
Let k(n) = n**2 - 12*n. Let b be k(6). Let l = -3 + -1. Is 10 a factor of 2/l*(b + 0)?
False
Let q = -3 + 5. Is (1/q)/((-1)/(-46)) a multiple of 10?
False
Let t(b) = -8*b. Let d be t(2). Let l = d + 50. Does 12 divide l?
False
Let n be (1/3)/(4/(-24)). Is (3 - 3)/n - -5 a multiple of 3?
False
Let k = 214 + -99. Does 23 divide k?
True
Let g be (-1)/2*(12 - 438). Suppose 4*j = 3*k - 102, 5*k - 5*j - g = -38. Is 19 a factor of k?
True
Let n be (-8)/(-1 + (-2 - -4)). Let q = n - -13. Suppose -r + q = 2*w, 1 = -w - 2*r + 2. Is 3 a factor of w?
True
Suppose 1 = -0*o - 2*o - 5*y, 0 = -2*o + 4*y + 44. Let l be (3/(6/(-8)))/1. Let x = o + l. Does 6 divide x?
False
Suppose 74 = 3*f - f. Suppose 4*k + f + 23 = 0. Is 16 a factor of (-5)/k - 116/(-3)?
False
Let z be 1510/7 + 4/14. Suppose 0 = 2*w + 2, -z - 72 = -5*v - 2*w. Is 15 a factor of v?
False
Suppose 2*z + z = -3*h + 45, 3*z - h = 49. Is 8 a factor of z?
True
Is ((-100)/35)/((-2)/7) a multiple of 10?
True
Let o(g) = -4*g**3 - g**2 + g + 1. Let d be (-1)/3*(7 - 4). Let p be o(d). Suppose 23 = p*j - 28. Is j a multiple of 9?
False
Let l be 2/(4/(-29))*-2. Suppose -l = p - 7. Let g = p - -41. Is 19 a factor of g?
True
Let k be 4/18 + 32/18. Suppose 0 = -2*z + k, -4*z - 67 = -s + z. Is s a multiple of 29?
False
Suppose 150*k - 716 = 146*k. Is k a multiple of 32?
False
Let l(b) = 8*b**3 - 2*b**2 + b - 2. Does 14 divide l(2)?
True
Let o = 21 + -15. Is o even?
True
Suppose -140 - 10 = -5*z. Is z a multiple of 10?
True
Let c(x) = -x**3 - 7*x**2 + 10*x + 7. Let w be c(-8). Let v be (-2)/(-4) + w/(-6). Is 17 a factor of 23 - (v/(-2) + 2)?
False
Let h be 268/4 + -4 - 1. Suppose -4*m + 3*i + 0*i + 82 = 0, -3*m + 2*i + h = 0. Does 22 divide m?
True
Let l = -1 - 0. Let v(o) = 27*o**2 + 1. Is 21 a factor of v(l)?
False
Let c(k) = -k**2 + 5*k - 2. Let y be (1/2)/((-3)/(-18)). Let f be c(y). Suppose -8 = 2*h, -4*x + x + 67 = -f*h. Is 9 a factor of x?
False
Suppose -3*v - 41 = -c, 3*c - v - 131 = -0*v. Is c a multiple of 11?
True
Suppose -2*b - 2*m + 26 = -4, -4*b + 2*m = -42. Let v be 42 - 4/6*3. Is (b/(-10))/((-6)/v) a multiple of 3?
False
Suppose -5*g = -10*g + 25. Let q(y) = y**3 - 6*y**2 + 7*y - 7. Let l be q(5). Suppose n + g*w - l = 0, -5*n + 53 = 4*w - 4. Is n a multiple of 6?
False
Suppose 4*d = 4*b - 0*b - 236, -59 = -b - 3*d. Is 17 a factor of b?
False
Let i(j) = 3*j**2 + 3*j - 6. Let g(k) = k**2 + k - 2. Let s(y) = -8*g(y) + 3*i(y). Let z(f) = f**2 + f + 2. Let n be z(-2). Is 9 a factor of s(n)?
True
Let x be 0 - ((-16)/(-2))/2. Is 256/10 - x/10 a multiple of 8?
False
Let a(b) = 4*b + 10. Let z be a(7). Suppose 2*w = z + 58. Does 24 divide w?
True
Suppose 0*g + 33 = -5*g - 4*l, 2*l - 42 = 4*g. Let p(n) = -6*n - 18. Does 12 divide p(g)?
True
Let w(c) = -c**2 - 4*c + 1. Let k be w(-5). Let b = 8 + k. Suppose b*m - 2*r - 116 = -4*r, 5*r = -10. Does 15 divide m?
True
Let g be (9/(-3))/(3/(-20)). Let h = g - 14. Let k = 15 - h. Is k a multiple of 9?
True
Let f be ((-15)/6 + -3)*-2. Let s = f + -6. Suppose b = s*b - 48. Is b a multiple of 12?
True
Let p(g) = -g + 9. Let r be p(7). Suppose 58 - 190 = -4*l. Suppose k = -r*k + l. Is 11 a factor of k?
True
Let m = 355 + -182. Is m a multiple of 16?
False
Let k(q) = q**3 - 2*q**2 - 3*q - 12. Is k(5) a multiple of 8?
True
Suppose 2 = -l - 3. Let w = -1 - l. Is 1 + 0 + w*5 a multiple of 10?
False
Let h(w) = -w + 10. Let p = 0 - -2. Suppose -4 = -2*k - p*r, -k + 4 = -2*k + 2*r. Is 10 a factor of h(k)?
True
Suppose 19*b + 21 = 22*b. Suppose -2*z - b + 31 = 0. Does 6 divide z?
True
Suppose 3*s - 106 = s. Is 24 a factor of s?
False
Suppose -m = -2*m + 5*k + 42, -87 = -3*m + 2*k. Is m a multiple of 27?
True
Let i(o) = 4*o**3 + o + 30 + o**2 - 4*o**3 + o**3. Let y be i(0). Is 10 a factor of (8/12)/(2/y)?
True
Let g(n) = -2*n - 3. Let u be g(-2). Let k = u - 0. Is 2 a factor of 5/2 - k/(-2)?
False
Let g(b) be the first derivative of -6*b**2 + 6*b + 5. Does 31 divide g(-3)?
False
Let d(n) = n**2 - 4*n + 17. Is d(7) a multiple of 19?
True
Suppose -5*y - 7 = -4*s + 2, y + 4*s = 3. Let d(q) = -67*q - 1. Is 22 a factor of d(y)?
True
Let y(v) = 2*v**3 - 3*v**2 - 2*v. Let s be y(3). Let q(d) = -d**3 - 4*d**2 + 4*d - 4. Let z be q(-5). Suppose c - s = -z. Does 20 divide c?
True
Let v(y) = -2*y + 2. Is v(-4) a multiple of 5?
True
Let m(w) = 3*w**3 - w**2 - 2*w + 1. Let j(z) = z**2 - 5*z - 4. Let n be j(6). Does 14 divide m(n)?
False
Let p be ((-5)/(-3))/(11/33). Let c(a) = a**3 - 4*a**2 - 3*a + 4. Does 7 divide c(p)?
True
Suppose -5*a + 34 - 4 = 0. Suppose a*f = f + 280. Is 28 a factor of f?
True
Let u = -24 + 47. Let k = u + -16. Is 3 a factor of k?
False
Let s be ((-10)/6 - -3)*48. Suppose a = -3*a - s. Is 2 a factor of 4/a - (-9)/4?
True
Suppose 0 = -t + 3*t - 40. Suppose 0*l = -l + t. Suppose l = a - 3. Does 14 divide a?
False
Let f be 2/3*105/10. Suppose 2*c - 145 = f*c. Let s = c - -45. Is 16 a factor of s?
True
Suppose 0 = -2*q - 0*q + 6. Suppose -q*v + 36 = -v. Suppose -4 = h - v. Is 7 a factor of h?
True
Let d(i) = 3*i**2 - 2*i - 1. Suppose 0 = 5*m - 3*r + 21, 0 = -2*m + 7*m